{"id":43,"date":"2019-11-26T08:17:41","date_gmt":"2019-11-26T07:17:41","guid":{"rendered":"https:\/\/www.pezzo-strick.de\/pezzoshop\/versandarten\/"},"modified":"2025-02-07T14:33:20","modified_gmt":"2025-02-07T13:33:20","slug":"versandarten","status":"publish","type":"page","link":"https:\/\/www.pezzo-strick.de\/pezzoshop\/versandarten\/","title":{"rendered":"Versandarten"},"content":{"rendered":"<p>Zur Zeit bieten wir folgende Versandart an:<\/p>\n<p><strong>Versand mit DHL 2-3 Werktage nach Zahlungseingang:<\/strong><br \/>\n<strong>Versandkosten 7,49 Euro innerhalb von Deutschland<\/strong><br \/>\n<strong>Versandkosten 14,99 Euro innerhalb von Europa<\/strong><br \/>\n<strong>Versandkosten 19,99 Euro au\u00dferhalb von Europa<\/strong><\/p>\n<p>Die R\u00fccksendung innerhalb von Deutschland ist kostenlos.<br \/>\nKosten f\u00fcr R\u00fccksendungen aus dem Ausland, k\u00f6nnen wir leider nicht \u00fcbernehmen.<\/p>\n<p>R\u00dcCKSENDUNGEN<br \/>\nEs steht Ihnen f\u00fcr jeden Einkauf bei PEZZO ein Widerrufsrecht zu. Sie k\u00f6nnen die auf www.pezzo-strick.de bestellte Ware innerhalb von 14 Tagen ohne Angaben von Gr\u00fcnden an uns zur\u00fccksenden. Bitte beachten Sie, dass zur Retoure alle an der Ware befindlichen Etiketten im Originalzustand vorhanden sein m\u00fcssen. Senden Sie nur ungetragene und einwandfreie Ware in der Originalverpackung an uns zur\u00fcck.<\/p>\n<p>Bei <strong>R\u00fccksendungen <\/strong>\u00a0bitten wir Sie einen <strong>Retourenschein bei uns per E-Mail anzufordern<\/strong>:<br \/>\n<strong>bestellung@pezzo-strick.de<\/strong><br \/>\nund den mit &#8222;Retoure&#8220; gekennzeichneten Paketaufkleber auf den Karton zu kleben, anschlie\u00dfend die R\u00fccksendung per DHL an PEZZO zu schicken:<\/p>\n<p>PEZZO<br \/>\nEnge Laine 20<br \/>\n82497 Unterammergau<\/p>\n<p>KAUFPREISERSTATTUNG VON RETOUREN<\/p>\n<p>Die R\u00fcckerstattung des Kaufpreises von Retouren ist von der jeweiligen Bezahlart abh\u00e4ngig.<\/p>\n<ul>\n<li>Bei <strong>Vorkasse<\/strong> erstatten wir Ihnen den Wert der Retoure auf Ihr Konto zur\u00fcck.<\/li>\n<li>Sie haben die Bezahlung per <strong>Kreditkarte<\/strong> gew\u00e4hlt? In diesem Fall erhalten Sie eine Gutschrift auf das angegeben Kartenkonto.<\/li>\n<li>Wenn Sie mit <strong>PayPal<\/strong> bezahlt haben erstatten wir Ihnen den Wert der Retoure auf Ihr PayPal Konto zur\u00fcck.<\/li>\n<\/ul>\n","protected":false},"excerpt":{"rendered":"<p>Zur Zeit bieten wir folgende Versandart an: Versand mit DHL 2-3 Werktage nach Zahlungseingang: Versandkosten 7,49 Euro innerhalb von Deutschland Versandkosten 14,99 Euro innerhalb von Europa Versandkosten 19,99 Euro au\u00dferhalb von Europa Die R\u00fccksendung innerhalb von Deutschland ist kostenlos. Kosten f\u00fcr R\u00fccksendungen aus dem Ausland, k\u00f6nnen wir leider nicht \u00fcbernehmen. R\u00dcCKSENDUNGEN Es steht Ihnen f\u00fcr [&hellip;]<\/p>\n","protected":false},"author":39,"featured_media":0,"parent":0,"menu_order":0,"comment_status":"closed","ping_status":"closed","template":"","meta":{"ocean_post_layout":"","ocean_both_sidebars_style":"","ocean_both_sidebars_content_width":0,"ocean_both_sidebars_sidebars_width":0,"ocean_sidebar":"","ocean_second_sidebar":"","ocean_disable_margins":"enable","ocean_add_body_class":"","ocean_shortcode_before_top_bar":"","ocean_shortcode_after_top_bar":"","ocean_shortcode_before_header":"","ocean_shortcode_after_header":"","ocean_has_shortcode":"","ocean_shortcode_after_title":"","ocean_shortcode_before_footer_widgets":"","ocean_shortcode_after_footer_widgets":"","ocean_shortcode_before_footer_bottom":"","ocean_shortcode_after_footer_bottom":"","ocean_display_top_bar":"default","ocean_display_header":"default","ocean_header_style":"","ocean_center_header_left_menu":"","ocean_custom_header_template":"","ocean_custom_logo":0,"ocean_custom_retina_logo":0,"ocean_custom_logo_max_width":0,"ocean_custom_logo_tablet_max_width":0,"ocean_custom_logo_mobile_max_width":0,"ocean_custom_logo_max_height":0,"ocean_custom_logo_tablet_max_height":0,"ocean_custom_logo_mobile_max_height":0,"ocean_header_custom_menu":"","ocean_menu_typo_font_family":"","ocean_menu_typo_font_subset":"","ocean_menu_typo_font_size":0,"ocean_menu_typo_font_size_tablet":0,"ocean_menu_typo_font_size_mobile":0,"ocean_menu_typo_font_size_unit":"px","ocean_menu_typo_font_weight":"","ocean_menu_typo_font_weight_tablet":"","ocean_menu_typo_font_weight_mobile":"","ocean_menu_typo_transform":"","ocean_menu_typo_transform_tablet":"","ocean_menu_typo_transform_mobile":"","ocean_menu_typo_line_height":0,"ocean_menu_typo_line_height_tablet":0,"ocean_menu_typo_line_height_mobile":0,"ocean_menu_typo_line_height_unit":"","ocean_menu_typo_spacing":0,"ocean_menu_typo_spacing_tablet":0,"ocean_menu_typo_spacing_mobile":0,"ocean_menu_typo_spacing_unit":"","ocean_menu_link_color":"","ocean_menu_link_color_hover":"","ocean_menu_link_color_active":"","ocean_menu_link_background":"","ocean_menu_link_hover_background":"","ocean_menu_link_active_background":"","ocean_menu_social_links_bg":"","ocean_menu_social_hover_links_bg":"","ocean_menu_social_links_color":"","ocean_menu_social_hover_links_color":"","ocean_disable_title":"default","ocean_disable_heading":"default","ocean_post_title":"","ocean_post_subheading":"","ocean_post_title_style":"","ocean_post_title_background_color":"","ocean_post_title_background":0,"ocean_post_title_bg_image_position":"","ocean_post_title_bg_image_attachment":"","ocean_post_title_bg_image_repeat":"","ocean_post_title_bg_image_size":"","ocean_post_title_height":0,"ocean_post_title_bg_overlay":0.5,"ocean_post_title_bg_overlay_color":"","ocean_disable_breadcrumbs":"default","ocean_breadcrumbs_color":"","ocean_breadcrumbs_separator_color":"","ocean_breadcrumbs_links_color":"","ocean_breadcrumbs_links_hover_color":"","ocean_display_footer_widgets":"default","ocean_display_footer_bottom":"default","ocean_custom_footer_template":"","footnotes":""},"class_list":["post-43","page","type-page","status-publish","hentry","entry","owp-thumbs-layout-horizontal","owp-btn-normal","owp-tabs-layout-horizontal","has-no-thumbnails","has-product-nav"],"_links":{"self":[{"href":"https:\/\/www.pezzo-strick.de\/pezzoshop\/wp-json\/wp\/v2\/pages\/43","targetHints":{"allow":["GET"]}}],"collection":[{"href":"https:\/\/www.pezzo-strick.de\/pezzoshop\/wp-json\/wp\/v2\/pages"}],"about":[{"href":"https:\/\/www.pezzo-strick.de\/pezzoshop\/wp-json\/wp\/v2\/types\/page"}],"author":[{"embeddable":true,"href":"https:\/\/www.pezzo-strick.de\/pezzoshop\/wp-json\/wp\/v2\/users\/39"}],"replies":[{"embeddable":true,"href":"https:\/\/www.pezzo-strick.de\/pezzoshop\/wp-json\/wp\/v2\/comments?post=43"}],"version-history":[{"count":10,"href":"https:\/\/www.pezzo-strick.de\/pezzoshop\/wp-json\/wp\/v2\/pages\/43\/revisions"}],"predecessor-version":[{"id":3510,"href":"https:\/\/www.pezzo-strick.de\/pezzoshop\/wp-json\/wp\/v2\/pages\/43\/revisions\/3510"}],"wp:attachment":[{"href":"https:\/\/www.pezzo-strick.de\/pezzoshop\/wp-json\/wp\/v2\/media?parent=43"}],"curies":[{"name":"wp","href":"https:\/\/api.w.org\/{rel}","templated":true}]}}